
0
Suppose 0 = -4*p - 5*m - 15, -4 + 1 = m. Let h be 73 + p + 4 + -1. Suppose -7*i + h = -3*i. What is the tens digit of i?
1
Suppose 3*l + 2*b - 44 = -0*l, -2*l - 4*b + 40 = 0. Suppose 5*x - 11*x + l = 0. What is the tens digit of 14 - 14 - (-2)/(x/111)?
1
Let h(d) = 900*d**2 + 21*d + 80. What is the tens digit of h(-4)?
9
Let q = 20 - 5. Let d(u) = 0*u**2 - 10*u + 3*u**2 - 2*u**2 - q + 2*u**2. What is the units digit of d(8)?
7
Suppose 13*a = 14*a + 165. What is the tens digit of 4/(-6) - 68750/a?
1
Suppose -1105 + 1158 = -b. What is the tens digit of (b - -60) + 10*1?
1
Suppose 7*f - 11484 - 29648 = 0. What is the hundreds digit of f?
8
Let t(u) be the second derivative of -u**5/20 - 11*u**4/12 - 7*u**3/6 + 14*u**2 + 10*u. Let f be t(-10). Let m(b) = -56*b + 20. What is the tens digit of m(f)?
3
Let m(w) = -w**2 + 5*w + 14. Let r be m(7). Suppose -2*j = -r*j - 8. Suppose 0 = j*c - 5*f - 107, -2*c + 4*f + 81 = c. What is the tens digit of c?
2
Suppose -4*a = c - 10, 5*c - 3 = 4*a - 1. Let t be 9/(-3) + a + 1. Suppose 3*z = 2*w - 152, -4*w - z + 290 = -t*z. What is the tens digit of w?
7
Let k(i) = -14*i**2 - 10*i + 2. Let c be k(-3). Let j = c + 325. What is the tens digit of j?
3
Suppose -5*c + 36699 = n, 333*c + n = 331*c + 14676. What is the thousands digit of c?
7
Let w(g) = -23 - 18 + 10 + 29*g + 0. What is the tens digit of w(11)?
8
Suppose 30*d = 27*d - 12. Let t(o) = -9*o**3 - 6*o**2 - o - 3. What is the units digit of t(d)?
1
Suppose -23968 = -35*k + 27*k. Suppose 8*c + v = 3*c + k, c - 592 = -2*v. What is the tens digit of c?
0
Suppose 0 = 13*x - 27504 - 4723. What is the units digit of x?
9
Suppose -67*p + 450048 = 19*p + 42*p. What is the hundreds digit of p?
5
Suppose -5*a + 4*o = 2300, 0*o + 460 = -a - o. Let d = 1067 + a. What is the tens digit of d?
0
What is the units digit of ((-45965)/14 + (-16)/56)*(-30)/9?
5
Suppose 1374*f - 1378*f = -18492. What is the hundreds digit of f?
6
Let x(n) = 594*n - 440. What is the hundreds digit of x(9)?
9
Let a(n) be the second derivative of 11*n**3/3 + n**2/2 + 2*n. Let f be a(1). Suppose -2860 = 10*h - f*h. What is the units digit of h?
0
Let s be 1277/3 + (-5)/(-15). Suppose -15*f = -s - 2439. What is the units digit of f?
1
Let y = 62 + -7. Let v be ((-3)/(-6))/((-5)/10) + 106. Let h = v - y. What is the units digit of h?
0
Let y be (-9460)/(-6)*36/15. Let j = 5385 - y. What is the thousands digit of j?
1
Let l(d) = 14*d**2 + 8*d + 36. Let a be l(-9). Suppose -14*j + 5816 = a. What is the hundreds digit of j?
3
Let o be (9*16/2)/(-1). Let c be ((-26)/10 - (-46)/(-115)) + 147. Let s = o + c. What is the units digit of s?
2
Let v(n) = -3*n - 45. Let j(i) = -8*i - 89. Let f(x) = -3*j(x) + 5*v(x). What is the units digit of f(6)?
6
Let q = -189 + 191. Suppose -2*t - 7 + 124 = -z, -107 = -q*t - z. What is the units digit of t?
6
Suppose 0 = 5*a - 18 + 23, -5*a = 5*l - 290. Let f = -74 + 182. Let d = f - l. What is the tens digit of d?
4
Suppose 123*v - 125*v - 2 = 0. What is the tens digit of v + 32185/55 - 8/44?
8
Suppose 0 = -7*c + 2*j + 179604, -c - 3*j - 76971 = -4*c. What is the thousands digit of c?
5
Suppose -12*k = -9*k - 6. Let y be (k/(-4))/((25/(-5))/50). Suppose 5*d - 94 = -m - 0*m, -y*d = 2*m - 193. What is the units digit of m?
9
Let v(b) = 154*b**2 - 29*b + 61. What is the hundreds digit of v(2)?
6
Let c be -5 + -9651*(-1)/3. Suppose -26*t = -17798 + c. What is the units digit of t?
1
Let b = 47499 - -8168. What is the tens digit of b?
6
Let x(d) be the first derivative of -7*d**2/2 + 30*d + 18. Suppose u = -2*q - 7 - 4, -u - 5*q - 17 = 0. What is the tens digit of x(u)?
7
Suppose 0 = -3*c + 156 + 33. Suppose 2*o + 3*q - c = 0, 0*q - 3*q = 3. Let u = o - 26. What is the units digit of u?
7
Suppose -192209 = -10*p + 5*p - 4*a, -a + 192221 = 5*p. What is the ten thousands digit of p?
3
Suppose -7*n + 6 = -8. Suppose n*t + 61 = -141. Let r = t + 327. What is the tens digit of r?
2
Let m(o) = -9*o - 78. Let x be m(-9). Let r(c) = 135*c + 11. What is the units digit of r(x)?
6
Let d(r) = 7*r**2 - 8*r + 70. Let f(k) = -10*k**2 + 8*k - 71. Let h(a) = -5*d(a) - 4*f(a). What is the units digit of h(18)?
8
Suppose 0 = b + g + 10, -5*b - 12 = 3*g + 34. Let q(m) = -2*m**3 + 28*m - 4. What is the tens digit of q(b)?
9
Suppose -62*u + 672 = -50*u. Suppose -52182 = 17*q - u*q. What is the units digit of q?
8
Let o be -81*(-5)/(60/(-116)). Let u = o - -1250. What is the units digit of u?
7
Let m(h) = -h**3 + 68*h**2 - 73*h - 109. What is the units digit of m(57)?
9
Let m = -511 + 509. What is the units digit of ((-231)/(-45) - m/(-15)) + 1426?
1
Suppose 3338 = 4*h + 878. Let c = 703 - h. What is the tens digit of c?
8
Let y(s) = 61*s**3 - 114*s**3 - 6*s**2 + 4 + 54*s**3 + 8*s. Let g be y(4). Suppose 7*l = 3*b + 3*l - 322, -430 = -g*b + 5*l. What is the units digit of b?
0
Let t(h) = -h**2 - 4*h + 2. Suppose 2*a + x = -9, 5*a + 4*x = -11 - 16. Let u be t(a). Suppose -169 - 216 = -u*c. What is the tens digit of c?
7
Let x = -966 + 963. Let r(o) = 20*o**2 - 4*o - 3. Let y(a) = 20*a**2 - 4*a - 4. Let j(h) = 4*r(h) - 3*y(h). What is the tens digit of j(x)?
9
Let d = 3526 - -37. What is the thousands digit of d?
3
Let m be -1 - (4 + -3 + 1762). Let j = m - -2970. What is the hundreds digit of 1 + j/10 - 30/(-75)?
1
Suppose 37962 = -122*z + 124*z. What is the hundreds digit of z?
9
Suppose 24 = -6*g - 0. Let q be 6/g + ((-215)/10 - 3). What is the tens digit of q/(-1) - (0/2 - -2)?
2
Let l(c) = c**2 - 14*c + 12. Let t be l(13). Let g be t/((9/2)/(-9)). Suppose g*z = -z + 15, 5*d - 3*z - 950 = 0. What is the units digit of d?
3
Suppose n = -10 + 8. Let p(g) = 7*g**3 + 2*g**2 + 2*g + 3. Let x(s) = -s**3 + s. Let a(h) = -p(h) - x(h). What is the units digit of a(n)?
3
Let f(t) = 22*t + 282. Let i be f(-14). What is the tens digit of ((-3)/9)/(i/56472)?
2
Let w = -45440 - -65222. What is the thousands digit of w?
9
Let f(s) be the second derivative of 211*s**4/12 + s**3 + s**2 - s + 104. What is the hundreds digit of f(-2)?
8
Suppose 4*g + a - 22015 = 6479, 28496 = 4*g + 2*a. What is the thousands digit of g?
7
Suppose 5*v - o = -4*o + 25, 4*v + 3*o = 23. Suppose -v*y + 9 = y. What is the tens digit of y + (-40)/(-2 + -2)?
1
Suppose 50*x - 24 = 38*x. What is the tens digit of (-355)/30*x*(-4 + 1)?
7
Let v(h) = 1126*h + 239. What is the units digit of v(6)?
5
Let n = -47 - -60. Let q = 49 - n. Let p = q + -16. What is the units digit of p?
0
Let v = -56 + 65. Suppose -v*q + 1147 = -473. Suppose -3*a - 3*a = -q. What is the tens digit of a?
3
Suppose 26*u = 24*u - 2*o - 4, 2*u - 5*o - 31 = 0. Suppose -1380 - 930 = -u*z. What is the units digit of z?
0
What is the hundreds digit of (6459/(-2))/((-18)/(-28)*(-6)/18)?
0
Let k = -18 + 22. Suppose 707 = k*f - 2445. Suppose -4*r + f = -0*r. What is the tens digit of r?
9
Suppose 10*l + 103 - 3393 = 0. Let a = l - -70. What is the tens digit of a?
9
Let d(h) = -5098*h + 7038. What is the tens digit of d(-13)?
1
Let s = -42 - -39. Let a be s*(-9)/((-27)/2). What is the tens digit of (2/(-1))/a - -62?
6
Let v be -2*(6795/10)/(-9). Let d = v + -135. Let h = 303 - d. What is the tens digit of h?
8
Let g be 2 - (-20)/(-6) - (-8)/(-12). What is the units digit of (g + -17 + 4)*(-1032)/30?
6
Let u(r) = 3*r - 75. Let g be u(21). Let n(i) = -36*i - 214. What is the hundreds digit of n(g)?
2
Suppose -q = -16 - 2. Suppose -q*f + 24*f - 342 = 0. Suppose 12 = j - f. What is the units digit of j?
9
Suppose -25*d - 48924 = -37*d. What is the hundreds digit of d?
0
Let m = 18789 - -36729. What is the units digit of m?
8
Let l(s) = s**2 + 9*s + 6. Let b be l(-8). What is the hundreds digit of b - (-465 - 1/(3/3))?
4
Suppose -3*n - 4*p + 2*p = 273, 0 = 5*p + 15. Let a = 82 + n. Let r(s) = -20*s + 10. What is the hundreds digit of r(a)?
1
Let t be (-1 - -2) + (-588)/14. Let l = t + 14. Let u = -10 - l. What is the units digit of u?
7
Let p be 428/(-8)*(-6)/3. Let v(r) = 6*r**3 - 3*r**2 + 1. Let d be v(1). Suppose -p = -2*f + 3*w + 124, -d*f + w = -447. What is the tens digit of f?
1
Let h be 111 - (-8 + (-2 - -4) + 3). Let d = h - 112. What is the units digit of d?
2
Suppose 0 = -423*k + 409*k + 178472. What is the thousands digit of k?
2
Let g be 15/(-6) + (-12084)/(-8). Le